{"id":4901,"date":"2020-01-30T18:31:01","date_gmt":"2020-01-30T17:31:01","guid":{"rendered":"http:\/\/akj.fr\/?page_id=4901"},"modified":"2020-03-17T09:03:11","modified_gmt":"2020-03-17T08:03:11","slug":"aiki-tanren","status":"publish","type":"page","link":"https:\/\/akj.fr\/?page_id=4901","title":{"rendered":"A\u00efki-Tanren"},"content":{"rendered":"<p><a href=\"https:\/\/akj.fr\/wp-content\/uploads\/2020\/01\/A\u00efki-Tanren.jpg\"><img loading=\"lazy\" decoding=\"async\" src=\"https:\/\/akj.fr\/wp-content\/uploads\/2020\/01\/A\u00efki-Tanren-960x720.jpg\" alt=\"\" width=\"750\" height=\"563\" class=\"aligncenter size-large wp-image-4904\" srcset=\"https:\/\/akj.fr\/wp-content\/uploads\/2020\/01\/A\u00efki-Tanren-960x720.jpg 960w, https:\/\/akj.fr\/wp-content\/uploads\/2020\/01\/A\u00efki-Tanren-300x225.jpg 300w, https:\/\/akj.fr\/wp-content\/uploads\/2020\/01\/A\u00efki-Tanren-768x576.jpg 768w, https:\/\/akj.fr\/wp-content\/uploads\/2020\/01\/A\u00efki-Tanren-600x450.jpg 600w, https:\/\/akj.fr\/wp-content\/uploads\/2020\/01\/A\u00efki-Tanren-595x446.jpg 595w, https:\/\/akj.fr\/wp-content\/uploads\/2020\/01\/A\u00efki-Tanren.jpg 1024w\" sizes=\"auto, (max-width: 750px) 100vw, 750px\" \/><\/a>Un nouveau cours est propos\u00e9 le samedi apr\u00e8s-midi de 14h00 \u00e0 16h00. Il est ouvert \u00e0 tous et s&rsquo;articule autour de deux ateliers:<\/p>\n<ul>\n<li>14h-15h &#8211; Premi\u00e8re partie\u00a0consacr\u00e9e \u00e0 l&rsquo;A\u00efkitaiso (<a href=\"https:\/\/akj.fr\/?page_id=2767\">consulter\u00a0la page<\/a> )<\/li>\n<li>15h-16h- Atelier de perfectionnement (A\u00efki-Tanren) . Seront abord\u00e9s les fondements et l&rsquo;\u00e9tude qui vise l&rsquo;utilisation optimale du corps dans la pratique.<\/li>\n<\/ul>\n<p>Il portera sur les points suivants:<br \/>\n&#8211; les Tanren en individuel et \u00e0 deux (exercices qui servent \u00e0 pr\u00e9parer et \u00e0 forger le corps au mouvement)<br \/>\n&#8211; Le rel\u00e2chement<br \/>\n&#8211; Le transfert du poids du corps<br \/>\n&#8211; L&rsquo;Awase ( la concordance, s&rsquo;harmoniser)<br \/>\n&#8211; Le rythme<br \/>\n&#8211; Intention \/ perception<br \/>\n&#8211; Le ressenti<br \/>\n&#8211; L&rsquo;\u00e9coute<br \/>\nLe cours est ouvert \u00e0 toute personne d\u00e9sireuse de se familiariser avec cette forme de pratique, avanc\u00e9s ou d\u00e9butants, A\u00efkidokas ou pratiquants d&rsquo;autres arts martiaux int\u00e9ress\u00e9s par l&rsquo;\u00e9tude de principes qui sont communs au Budo.<br \/>\n<em>Quel est l&rsquo;int\u00e9r\u00eat de cette forme de travail?<\/em><br \/>\nNe plus travailler \u00ab\u00a0en force\u00a0\u00bb, utiliser son corps diff\u00e9remment mais efficacement. Pratiquant l&rsquo;A\u00efkido et les arts martiaux depuis plus de 40 ans, j&rsquo;avais d\u00e9j\u00e0 abord\u00e9\u00a0cette forme de travail notamment avec Tamura Sensei mais ce n&rsquo;est qu&rsquo;en 1988 que j&rsquo;ai r\u00e9ellement pris conscience de son importance lors d&rsquo;un stage d&rsquo;\u00e9t\u00e9 dans les Pyr\u00e9n\u00e9es, dirig\u00e9 par<a href=\"https:\/\/akj.fr\/?p=646\"> Minoru Kanetsuka Sensei.<\/a> Il parlait beaucoup de Atari (prendre le centre et l&rsquo;intention du partenaire au moment du premier contact), du transfert du poids du corps, d&rsquo;\u00eatre \u00e0 l&rsquo;\u00e9coute, le ressenti, du rel\u00e2chement, et nous faisait faire des mouvements au ralenti en gardant le contact sans perdre la relation, etc&#8230; Ce f\u00fbt le d\u00e9but \u00e0 ses c\u00f4t\u00e9s d&rsquo;une longue et laborieuse mais passionnante recherche, parsem\u00e9e de quelques moments lumineux mais aussi de pas mal de doutes. Il y a quelques ann\u00e9es, deux Senseis <a href=\"https:\/\/akj.fr\/?p=515\">Hino Akira et Minoru Akuzawa,<\/a> sont venus raviver et confirmer ce choix et cette direction.<br \/>\nJe vous invite \u00e0 venir partager cette exp\u00e9rience.<\/p>\n<p>Minoru Kanetsuka<\/p>\n<p><iframe loading=\"lazy\" width=\"560\" height=\"315\" src=\"\/\/www.youtube.com\/embed\/l-90TRqc9Eo\" allowfullscreen=\"allowfullscreen\" data-mce-fragment=\"1\"><\/iframe><\/p>\n<p>Hino Akira<\/p>\n<p><iframe loading=\"lazy\" width=\"560\" height=\"315\" src=\"\/\/www.youtube.com\/embed\/eJUC3NM0l4Y\" allowfullscreen=\"allowfullscreen\" data-mce-fragment=\"1\"><\/iframe><\/p>\n<p>Minoru Akuzawa<\/p>\n<p><iframe loading=\"lazy\" width=\"560\" height=\"315\" src=\"\/\/www.youtube.com\/embed\/n4s8znkuO_0\" allowfullscreen=\"allowfullscreen\" data-mce-fragment=\"1\"><\/iframe><\/p>\n<p><em>Le SAMEDI de 15h \u00e0 16h00.<\/em><\/p>\n","protected":false},"excerpt":{"rendered":"<p>Un nouveau cours est propos\u00e9 le samedi apr\u00e8s-midi de 14h00 \u00e0 16h00. Il est ouvert \u00e0 tous et s&rsquo;articule autour de deux ateliers: 14h-15h &#8211; Premi\u00e8re partie\u00a0consacr\u00e9e \u00e0 l&rsquo;A\u00efkitaiso (consulter\u00a0la page ) 15h-16h- Atelier de perfectionnement (A\u00efki-Tanren) . Seront abord\u00e9s les fondements et l&rsquo;\u00e9tude qui vise l&rsquo;utilisation optimale du corps [&hellip;]<\/p>\n","protected":false},"author":2,"featured_media":4904,"parent":0,"menu_order":0,"comment_status":"closed","ping_status":"closed","template":"","meta":{"footnotes":""},"class_list":["post-4901","page","type-page","status-publish","has-post-thumbnail","hentry"],"_links":{"self":[{"href":"https:\/\/akj.fr\/index.php?rest_route=\/wp\/v2\/pages\/4901","targetHints":{"allow":["GET"]}}],"collection":[{"href":"https:\/\/akj.fr\/index.php?rest_route=\/wp\/v2\/pages"}],"about":[{"href":"https:\/\/akj.fr\/index.php?rest_route=\/wp\/v2\/types\/page"}],"author":[{"embeddable":true,"href":"https:\/\/akj.fr\/index.php?rest_route=\/wp\/v2\/users\/2"}],"replies":[{"embeddable":true,"href":"https:\/\/akj.fr\/index.php?rest_route=%2Fwp%2Fv2%2Fcomments&post=4901"}],"version-history":[{"count":4,"href":"https:\/\/akj.fr\/index.php?rest_route=\/wp\/v2\/pages\/4901\/revisions"}],"predecessor-version":[{"id":4941,"href":"https:\/\/akj.fr\/index.php?rest_route=\/wp\/v2\/pages\/4901\/revisions\/4941"}],"wp:featuredmedia":[{"embeddable":true,"href":"https:\/\/akj.fr\/index.php?rest_route=\/wp\/v2\/media\/4904"}],"wp:attachment":[{"href":"https:\/\/akj.fr\/index.php?rest_route=%2Fwp%2Fv2%2Fmedia&parent=4901"}],"curies":[{"name":"wp","href":"https:\/\/api.w.org\/{rel}","templated":true}]}}